st the prime factors of p.
17
Let j = 48 - 33. What are the prime factors of j?
3, 5
Let v(g) = g + 5*g + 5*g - 2*g + g**2 + 7. List the prime factors of v(-9).
7
List the prime factors of (30/75)/(1/85).
2, 17
Let r be 3/(-2) - 2/4. Suppose -4 - 5 = -3*w. List the prime factors of w/r*22/(-3).
11
Let k(q) = -5*q - 1. Let n be k(1). Let h = n + 4. List the prime factors of 1*3 + 0/h.
3
What are the prime factors of 170 + (-2)/3 + (-28)/12?
167
Let y = 0 - -4. Suppose -4*n = w - 16, 2*w - n + 2*n = y. Suppose 5*z = -f - 20, 4*f = -w*f - 4*z. What are the prime factors of f?
5
Let v = 165 - -71. List the prime factors of v.
2, 59
Let g(s) = s - 2. Suppose k - 5*k + o + 13 = 0, 4*k - 5*o = 33. Let j be g(k). Suppose -5*p - 11 + 71 = j. List the prime factors of p.
2, 3
Suppose 4*q - 12 = -2*j, 6*j + 4*q - 18 = 3*j. Let c = j + -4. Suppose g = c*g - 11. What are the prime factors of g?
11
Let h(a) = 4*a - 3. Let w be h(2). Suppose -3*o + 392 = w*x, 189 = 5*x - o - 187. Suppose 4*k - x = -24. What are the prime factors of k?
13
Suppose 2*x - 12 = -x. Suppose x*c = 37 - 9. What are the prime factors of c?
7
Let u(d) = d + 11. List the prime factors of u(4).
3, 5
Suppose -r + 32 = 2. Let m = 65 - r. What are the prime factors of m?
5, 7
Let a(j) = -j**3 + j + 29. Suppose 4*l + 3*g = -9, -g = -5*l + l + 3. List the prime factors of a(l).
29
Suppose -3*g + 34 = -11. Suppose -2*a - 19 = 2*p + p, -4*a + 18 = -2*p. Let r = p + g. What are the prime factors of r?
2
Suppose -2*q = 5*z + 2, -5*z + 3 = -q - 2*q. Let r = q + 4. What are the prime factors of r?
3
Let x be 19/((3 - 1)/2). Let d = 18 - 17. Let s = d + x. What are the prime factors of s?
2, 5
Let c(s) = 175*s**2 + 5*s + 4. What are the prime factors of c(-1)?
2, 3, 29
What are the prime factors of (2 + 0)*14*1?
2, 7
Let f = -32 - -1. Let c = 52 + f. What are the prime factors of c?
3, 7
Let l(f) = -f**3 + 30. Let r = -1 + 1. Let h be l(r). Suppose x - h = -2*x. What are the prime factors of x?
2, 5
Let l = 244 - 118. List the prime factors of l.
2, 3, 7
Suppose -56 = -b - b. Suppose 0 = 3*v - 5*n - b, v - 41 + 5 = -5*n. What are the prime factors of v?
2
Let u = 34 - 9. Suppose 5*c - 6 = -2*v, v - 3*v + 6 = c. Suppose -v*r + u = 2*r. List the prime factors of r.
5
Suppose -j = 5*x - 12 + 1, -5*j + 9 = 2*x. What are the prime factors of x?
2
Let b = -7 + 26. Let d = b + -8. Let p = d - 7. List the prime factors of p.
2
Suppose 17 = 3*m - 6*m + 4*t, 5*m - 2*t = -5. Let d be (0 + 4)/1*m. Suppose -d*s + 10 = -14. What are the prime factors of s?
2, 3
Let u(q) = -3*q. Suppose -5*j - 16 = -1. List the prime factors of u(j).
3
Suppose 5*p = 4*c + 101, 5*p - 155 = -3*c - 47. What are the prime factors of p?
3, 7
Suppose -8*p = -4*p - 5*d - 444, -2*p = -d - 228. Suppose -p = -5*a + 2*u, 0 = -2*a + 3*a + 5*u - 34. What are the prime factors of a?
2, 3
Suppose -4*f = -7*f + 42. List the prime factors of f.
2, 7
Let r(p) = -p**2 - 9*p + 7. Let k be r(-6). Let n = -16 + k. What are the prime factors of n?
3
Let r be 12/8*(-4)/2. Let q = r + 4. List the prime factors of q + 16/(2/1).
3
Let n(c) be the second derivative of -c**5/20 - c**4/12 - c**3/6 + 2*c**2 - 2*c. Suppose 0 = -5*j + 4*j. What are the prime factors of n(j)?
2
Suppose 2*i + 34 = 2*a + 2, i + 54 = 3*a. List the prime factors of a.
19
Suppose -5*o - g + 19 = -2*o, 2*o = 5*g + 41. Let k = 21 + o. List the prime factors of k.
29
Let f(m) be the third derivative of m**4/24 + 2*m**2. Let z be f(-5). List the prime factors of (3/z)/(2/(-10)).
3
Let f = -42 - -70. Suppose 0*s - f = -2*s. List the prime factors of s.
2, 7
Suppose 0 = -13*u + 11*u + 52. List the prime factors of u.
2, 13
Let m(c) = -6*c + 1. Let y(p) = p**3 + 4*p**2 - 5*p - 1. Let d be y(-5). List the prime factors of m(d).
7
Let b be ((-6)/9)/((-4)/6). Let r(g) = 22*g**2 - 1. List the prime factors of r(b).
3, 7
Let n(l) = -4*l - 13. Let c be n(-4). Suppose 0 = -c*r + 92 - 23. List the prime factors of r.
23
Let z be 2/(-9) + (-116)/(-36). Let r be 6/9 + (-20)/z. List the prime factors of 10*(0 - 3/r).
5
List the prime factors of -10*(-4 + 52/(-10)).
2, 23
Let f = -2 + 16. What are the prime factors of f?
2, 7
Suppose 4*i - 9 = i. Suppose 7*f = i*f + 24. List the prime factors of f.
2, 3
List the prime factors of 16/28*(-7)/(-2).
2
Suppose -2*f = -2, 2*m + 5*f = 8*f - 67. Let q = m - -23. List the prime factors of (14/(-6))/(3/q).
7
Suppose 36 = 2*s - 18. Let n be (-21)/s + (-4)/18. List the prime factors of n/1 + 5 + -1.
3
Suppose 11*a = 515 + 1432. List the prime factors of a.
3, 59
Let p(s) = -s**2 - 3*s - 2. Let r be p(-2). Suppose -45 = -v - 5. Suppose 5*a + r*a - 5*z - v = 0, -3*z = 3*a - 6. List the prime factors of a.
5
Let d(g) = -g**2 - 10*g - 6. Let q = 0 - 8. Let y be d(q). Suppose 2*s = -0*s + y. List the prime factors of s.
5
Let n = -12 + 20. Suppose -5*d + 3*w = -37, -w - n = w. Let j(m) = m**2 - m - 3. What are the prime factors of j(d)?
17
Let j(p) = -p**3 - 7*p**2 - 6*p + 3. Let g be j(-6). Suppose -x = -g*r + 150, -5*r + 3*x + x + 250 = 0. What are the prime factors of r?
2, 5
Suppose h - 2*m + 28 = 9, -2*m - 8 = 2*h. Let v(q) = q**3 + 8*q**2 - 11*q - 13. What are the prime factors of v(h)?
5
Let b(g) = -2*g - 5. Let x be b(-5). Suppose -2 = -x*s + 23, -3*s + 3 = -r. What are the prime factors of r?
2, 3
Suppose 0*a - 44 = -4*a. Suppose -2 = r + 5*o, 27 = 2*r - 4*o - a. What are the prime factors of r?
13
Let f be ((-6)/(-12))/((-2)/(-8)). Suppose f*j + 28 = 6*j. Suppose j*n - 2*v - 37 = 4*n, 3*n = 4*v + 47. List the prime factors of n.
3
Suppose -2*m + 1 = -2*t - 1, 5*t - 3*m = 1. Suppose -t*v = 5*q - 33, q + 36 = v - 3*q. List the prime factors of v.
2, 3
Let k(q) = q**3 - 3*q**2 - 4*q. Let b be k(5). Suppose 0 = -2*y - 2*d + 12, -4*y + b = y + d. Suppose 2*c - y = 8. List the prime factors of c.
7
Suppose -31*d + 26*d = -375. What are the prime factors of d?
3, 5
Let q(w) = -w**2 + 5*w. Let c be q(4). Let p(n) = 4*n**3 + 0*n**3 + 6*n - 3*n**3 - 1 - 5*n**2. What are the prime factors of p(c)?
7
Let h(n) = 17*n + 12. What are the prime factors of h(19)?
5, 67
Suppose 3*y = -10 + 37. Let a = 2 - y. Let p = a + 10. What are the prime factors of p?
3
Suppose 29 = 4*g + 9. Suppose 3 - 74 = -4*j + 5*h, 135 = g*j + 3*h. What are the prime factors of j?
2, 3
What are the prime factors of (28/2 - 4)/2?
5
Let i = -54 + 102. List the prime factors of i/10 - (-1)/5.
5
Let t(f) = -f**3 + 2*f + 6. Let u be t(0). Suppose -d - 3 = 5*v - 4*d, 2*d = -4*v - 20. Let j = v + u. List the prime factors of j.
3
List the prime factors of (-2)/9 - (-1945)/45.
43
Let p(b) = -b - 5. Let n be p(0). Let s(j) = -j**3 - 6*j**2 - 6*j. Let z be s(n). Suppose 0 = z*y - 7 - 43. What are the prime factors of y?
2, 5
Let n(m) = m**2 - 3. Let s(x) = -5 + 8 - x**3 + 2*x**2 - 2*x**2 + 7*x - 6*x**2. Let o be s(-7). List the prime factors of n(o).
2, 3
Let d = -9 + 13. Suppose t - 13 + d = 0. List the prime factors of t.
3
Let u be (-40)/(-12) - 3 - (-2)/3. Suppose 5*b = -2*p - 6, 0*p + 5*b = -5*p - 30. Let i = u - p. List the prime factors of i.
3
Let u(o) = o**3 - 6*o**2 - 2*o - 6. Let n be u(6). Let t be (-6)/27 - 40/n. Suppose t*r - 36 = -8. What are the prime factors of r?
2, 7
Suppose -5*p + 121 = 3*s, -5*p + 50 = -3*p + 2*s. Let r = -33 + p. Let d = r + 14. What are the prime factors of d?
2
Suppose -5*b + 555 = o, -o - 90 = -b + 3*o. Suppose 5*q - b - 10 = 0. List the prime factors of q.
2, 3
Let z(v) = -v + 9. Let a be z(-7). What are the prime factors of (0/3 - -2) + a?
2, 3
Suppose -65 = -2*x + g, x - g - 40 = g. List the prime factors of (-3 - -5)*-1 + x.
2, 7
Let m(i) be the second derivative of -5*i**3/3 - i**2/2 - i. Let b be m(-2). Let j = -8 + b. List the prime factors of j.
11
Let n(x) = -2*x**3 - x**2 - 2*x - 1. Let h be n(-1). Suppose h*q - 6*q + 48 = 0. What are the prime factors of q?
2, 3
Let g(p) = -7*p - 8. What are the prime factors of g(-10)?
2, 31
Let a(r) = -r**3 + 9*r**2 + 10. Let x(m) = -m**2 + 11*m - 13. Let d be x(9). Suppose -l - 3*t - 60 = -6*l, -l = d*t + 16. List the prime factors of a(l).
2, 5
Let x(q) be the first derivative of -q**3/3 - q**2/2 + 2*q + 2. Let w be x(0). Suppose -2*u + 64 = w*u. List the prime factors of u.
2
Let h(t) = t**2 + t + 3. Let y(q) = -6*q